te?
True
Let o(b) = -233 + 104 - 4*b + 61 + 105. Let k = 3 + -18. Is o(k) a prime number?
True
Suppose -3*h = -2*v - 2047957 - 823918, 3*v + 2871882 = 3*h. Is h a composite number?
True
Let p = 75 + -61. Is 1647/7 - 4/p a composite number?
True
Let z be (-3395672)/(-98) + (0 - 2/(-7)). Let l = -11283 + z. Is l a prime number?
False
Let y = 122629 + -24756. Is y prime?
False
Is 23079 - ((-105)/(-70) - (-38)/(-4)) prime?
True
Suppose 0*v = -3*v - 4*x + 21202, 0 = 5*v + 3*x - 35333. Let y = 10371 - v. Is y prime?
False
Let d = 16 + -4. Suppose 8*h = d*h. Suppose y - 4 = -1, h = -z + 3*y + 1210. Is z a composite number?
True
Let b(v) = 13*v**3 + 28*v**2 + 20*v + 52. Is b(25) a prime number?
False
Let u be (0 - -1)*(4 - 6) - -1. Let z(j) = -j**3 - j**2 + 2*j + 2. Let i be z(u). Suppose i = -8*v + 2403 - 331. Is v composite?
True
Let x(j) be the second derivative of -9*j + 0 + 13/6*j**4 + 29/2*j**2 + 1/20*j**5 + 5/6*j**3. Is x(-13) prime?
True
Let y = -59 - -64. Suppose 338 = -y*d + 13. Let l = d + 148. Is l prime?
True
Let a(r) = -105766*r - 5133. Is a(-4) a composite number?
False
Let r(t) = t**3 + 7*t**2 - 61*t - 183. Let m be r(-11). Let b be 0 - (272/(-1) - 1). Suppose 96 = -3*h + m*p + 887, -h + b = p. Is h composite?
False
Let a(r) = r**2 + 6*r - 11. Let i be a(-7). Suppose 3*p + z = -1, -4*z + 3 = 5*p + 14. Is ((-269)/i)/(p/20) a composite number?
True
Let w = 581 - 380. Let m = 282 - w. Is 213 - (2/9 + 144/m) a composite number?
False
Let i(v) = 59*v**2 + 22*v**2 + 80*v**2 + 130*v**2 + 34*v**2 + 287 + 55*v. Is i(-6) a prime number?
True
Let g(o) = 22*o**2 + 4*o + 23. Let q be g(-9). Let a = q + -1240. Is a a composite number?
True
Let m be 207/6*(3 + -4)*-12. Let i(u) = -7*u**2 + 4*u + 7. Let z be i(-2). Let b = m - z. Is b a composite number?
False
Let h be 8 + 3/((-21)/28). Is (23 + 3)*(2526/h + -2) prime?
False
Let r(n) = -183*n**3 - n**2 + n + 1. Let u be (-135)/165 + 2/(-11). Let t be r(u). Let k = t - -1289. Is k a prime number?
True
Let q = 25037 + 5394. Is q a composite number?
False
Let x(r) = -172524*r - 2419. Is x(-9) a prime number?
False
Let k = 8933 - -834. Is k a composite number?
False
Let o = -63 + 78. Suppose 3*h = -2*l + 15, 0*h + o = 3*l + 3*h. Suppose 3*f + 0*f - 2937 = l. Is f composite?
True
Suppose 9*q + 16596 = 27*q. Let n = q - 423. Is n composite?
False
Suppose -4*h + 24 = 8. Suppose 0 = -5*o - h + 24. Is 1867*o/(2 - -2) a composite number?
False
Let n = -73 - -565. Let y be -7*((-12)/7)/3. Suppose n = y*o - 620. Is o composite?
True
Let d(m) = 1236*m**2 - 140*m + 667. Is d(5) prime?
False
Let n(w) = -215*w - 21. Let i be n(-3). Let t = i + 229. Is t a prime number?
True
Let r be ((-15)/(-12))/1*764. Let x = r - -2744. Let p = x - 1486. Is p prime?
True
Let q(h) = h**3 + 7*h**2 + 4. Let p be q(-7). Let k(v) = -2*v - 24. Let c be k(-12). Suppose 0 = -p*z - 4, 3*u - 5*z - 398 = -c*u. Is u prime?
True
Let d = -140 - -144. Suppose -2*x + 3*x = 4. Suppose o + d*l - 23 = 6*l, x*o + 4*l = 44. Is o prime?
False
Let b(g) = -9*g**3 - g**2 + 6*g + 22. Let h = -24 - -18. Is b(h) a composite number?
True
Let t be (-52)/(-20) + 6/(-10). Let c be 39/(-1)*220/(-330). Is ((-8)/(-1))/t + c + 1219 prime?
True
Let d(f) be the second derivative of 0 - 1/20*f**5 + 1/2*f**3 + 1/2*f**2 - 16*f + 5/4*f**4. Is d(12) prime?
False
Suppose 3*t - 1437 = 2*z, 0*z - 4*z = -t + 479. Is t + -1 + 0 + 0 + 1 prime?
True
Let a(b) = -69*b**3 + 7*b**2 + 24*b - 12. Let f be a(-6). Let p = f - 8627. Is p composite?
False
Let d(f) = 19*f**2 - 3*f - 215. Let c be d(-34). Let j = c + -4348. Is j prime?
False
Let x(b) = b**2 + 30*b + 29. Suppose -5*r - 197 = -52. Let k be x(r). Suppose -5*t - 8*t + 46735 = k. Is t composite?
True
Suppose -10*s + 5*s + t = -347311, 208389 = 3*s - t. Is s a prime number?
False
Is 1*(-46763)/2*-2 prime?
False
Suppose -3*p + 4*l + 2877045 = 0, -35*l = 5*p - 36*l - 4795092. Is p prime?
False
Let m be (-1 + 1)*(1 - 0). Suppose -o = -4*f - m*o - 2532, -2*o + 2528 = -4*f. Let g = -207 - f. Is g composite?
True
Let l(b) = -10*b**3 + b**2 + 4*b + 33. Let r be 2/3*(5 - 11). Is l(r) a composite number?
False
Let i = 69 + -73. Let x(t) = t**3 + 5*t**2 + 2*t - 5. Let p be x(i). Suppose -8*r + p*r + 8795 = 0. Is r composite?
False
Let y be ((-26)/(-6) + -1)*(-252)/168. Let h be (-57)/y + ((-64)/20)/8. Suppose h*a = 12*a - 178. Is a a composite number?
True
Let t(c) = -4*c**2 - 3*c - 10. Let l be t(-6). Let y = 599 + l. Suppose y + 1065 = 8*g. Is g a composite number?
False
Let n = 68 + -72. Is ((-415302)/(-285))/(n/(-10)) composite?
False
Suppose -6*n = 104 + 64. Is (-2)/12*(-28118 + n) a composite number?
False
Let f(p) = 419*p**2 + 113*p + 27. Is f(-11) a composite number?
True
Let u(q) = 3*q**3 - 3*q + 2. Let d be u(1). Suppose y - 3*y = d. Let x(l) = -310*l - 5. Is x(y) a prime number?
False
Suppose 0 = m - 2*y - 667, -3*y - 2*y = 3*m - 1957. Suppose 5*j - 3247 = -2*b, b = -j + 969 + m. Is b a composite number?
True
Suppose -18*h - 9*h + 81 = 0. Suppose 0 = h*a + 5*v - 6153 - 12092, -4*v + 24332 = 4*a. Is a prime?
False
Let t(v) = -v**3 - 19*v**2 + v - 20. Let k(c) = -3*c**3 - 58*c**2 + 3*c - 60. Let z(p) = 2*k(p) - 7*t(p). Is z(-13) prime?
True
Is (1 - (613 - -2))*-38 - 5 composite?
False
Let g = 192091 + -90950. Is g prime?
True
Suppose 27*w - 17009142 = -112*w + 25*w. Is w composite?
True
Let l = -29 - -37. Suppose l*z - 297 = 719. Is z composite?
False
Suppose 4*i - 29626 = 18*s - 16*s, -5*i - 5*s + 36980 = 0. Is i a composite number?
True
Suppose 0 = -r - 0*g - 5*g + 13298, -5*r = -2*g - 66517. Is r composite?
True
Let p = 21 + -17. Suppose p*y + 25829 = -5*r + 72735, y - r = 11731. Is y a prime number?
False
Let n = 61 + -61. Suppose 0 = 3*c + d + 4*d - 26, -2*d + 8 = n. Suppose 0*f + 3*q = -c*f + 28, 0 = f - 4*q - 3. Is f prime?
True
Let p = 415 - 343. Suppose 36 - 195 = -s. Let t = s - p. Is t prime?
False
Let y(d) = -4690*d - 1689. Is y(-10) a prime number?
False
Let n(f) = -f**3 + 4*f**2 - 3*f + 3. Let k be n(3). Suppose -i + k*i + 5*z - 11999 = 0, -2*i + 4*z + 11972 = 0. Is (-50)/30 - i/(-6) a composite number?
False
Let y(u) be the third derivative of 3*u**5/20 + 7*u**4/8 - 19*u**3/6 - 2*u**2 + 19. Is y(-19) a composite number?
True
Suppose 49766 = 2*n - 2*d - 86648, 8 = 2*d. Suppose -9880 = 7*w - n. Is w prime?
False
Let q be 4 + 20*(-2)/(-8). Suppose q + 3 = 3*i, 964 = 4*b + 2*i. Is b prime?
True
Suppose 3*s = 3*n - 552780, 4*s + 58757 - 427271 = -2*n. Is n a prime number?
True
Let c(m) be the second derivative of -m**5/20 - m**4/4 + 4*m**3/3 - 5*m**2 + 27*m. Let b be c(-5). Suppose -2*d - 7*d + 6147 = b. Is d composite?
False
Let v(x) be the first derivative of 33*x**3 - 39*x**2/2 - 65*x + 30. Is v(17) a prime number?
True
Let h(a) be the second derivative of -13*a**5/10 + 7*a**4/12 + a**3 + a**2 - a. Let z be (-24*18/162)/(1/6*4). Is h(z) prime?
False
Suppose 13*b - 33705 = -2063. Let o = b + -1521. Is o prime?
False
Let a = -1491 + 54128. Is a prime?
False
Suppose -42*j - 5326205 = 4*j - 28479799. Is j prime?
True
Let p be -5 + (4/2 - 0). Suppose -183*l + 208*l - 75 = 0. Is 3 + (4 - l)*p + 57 a prime number?
False
Let l be -25 + 25 - 5/((-5)/9744). Suppose 5848 + l = 8*i. Is i prime?
True
Suppose -c + 71412 = 2*n - 849, -3*c - 2*n + 216763 = 0. Is c a prime number?
True
Let k be ((-6)/(-4))/((-1)/(-6)). Let q = k - 5. Suppose 4*b - g = 1965, 3*g = -g - q. Is b a composite number?
False
Let n = -377 + 381. Suppose d + 0*d - l = 12282, -l = n*d - 49123. Is d a prime number?
True
Let t be 1004376/192 - (-2)/(-16). Suppose 11*y - t = 43070. Is y prime?
True
Let y = 8 - 42. Let h = y - -36. Is 1 + (-2 + 1)*(-176 - h) prime?
True
Is 1470396/6*(42/12 - 3) composite?
False
Suppose 5*y = 2*p + 179147, -155*p + 154*p = 3*y - 107475. Is y a prime number?
False
Let o(t) = 153157*t - 2989. Is o(6) composite?
True
Let b(s) = 55*s**2 + 6*s + 39. Suppose -3*w + 11 = -2*u - 17, -2*w = -3*u - 22. Is b(w) a composite number?
False
Let v(u) = -371*u + 51*u + 83 - 6*u - 497*u + 97*u. Is v(-10) composite?
True
Let w = -2237 - -3991. Let y(a) = -14*a**3 + 16*a**2 - 42*a + 11. Let q be y(2). Let n = q + w. Is n composite?
True
Is (4 - (-14)/(-21 - -7)) + (267491 - 1) prime?
True
Let s(l) = -4385*l - 1635. Is s(-4) prime?
False
Let a = 2328